 prime factors of x.
2, 1777
Let i(k) = -k**2 - 11*k - 27. Let q be i(-4). What are the prime factors of (q + -8)/(3/(-117))?
3, 7, 13
Let h(g) = -g**2 - 12*g - 28. Let y be h(-8). Suppose 2*f = y*f - 1040. Suppose 6*u = -4*z + 8*u + f, -2*u = -5*z + 648. List the prime factors of z.
2
Let g = 106 + -111. List the prime factors of 2/13 - ((-152280)/(-104))/g.
293
Let w = -187 - -193. What are the prime factors of 2*2 + (3640/5 - w)?
2, 3, 11
Let u = 208 + -206. Suppose t = d + 152, 7*d - 339 = -u*t + 2*d. List the prime factors of t.
157
Suppose -5*n + 3*z + 10685 = 0, 4*n + z - 1715 - 6850 = 0. What are the prime factors of n?
2, 5, 107
Suppose h - 3*z = 32, -4*z = -h + 9 + 27. Suppose -2*g + 5*m = -0*m - h, -5*m + 10 = g. What are the prime factors of 214/2 - g/10?
2, 53
Let s(f) = -8*f**3 + 3*f**2 + 27*f + 190. List the prime factors of s(-9).
2, 3011
Let v be (-32)/(-6)*42/8. Suppose -32*j + 33*j - v = 0. What are the prime factors of 63/j*(-312)/(-9)?
2, 3, 13
Let v(q) = 21*q**2 - q + 13. Let s be v(-8). Suppose -4*w + s = 49. List the prime factors of w.
7, 47
What are the prime factors of 2/4 + 3/(-14) - (-1632500)/140?
3, 13, 23
Suppose y - 2*b - 498 = 0, -5*y + 1140 = 2*b - 1314. Suppose 2028 + y = 42*x. List the prime factors of x.
2, 3, 5
Let h = 123018 - 61776. List the prime factors of h.
2, 3, 59, 173
Let s = -2251 - -15538. List the prime factors of s.
3, 43, 103
Suppose 342*r = 325*r - 99171 + 811335. List the prime factors of r.
2, 3, 3491
Suppose 2*z + 3*r = 6*z - 460, 460 = 4*z - 2*r. Suppose -z*t = -116*t + 422. List the prime factors of t.
2, 211
List the prime factors of ((-238440)/96)/(6/(-24)).
5, 1987
Let q(o) = -304*o + 34. Suppose -5*n - 4 - 21 = 0. What are the prime factors of q(n)?
2, 3, 7, 37
Suppose m = 3*m - 10, m + 5 = y. Let l be y + (-5 - 1) - (2 + 0). List the prime factors of (1 + -5)*70/l*-1.
2, 5, 7
Suppose -4*h = -l - 13 + 3, l + 12 = 5*h. Let z(w) = 3*w - 2. Let x be z(-2). List the prime factors of l*((0 - 0) + 588/x).
3, 7
Suppose 9*f + 12 + 6 = 0. Let d(c) = 7*c + 16. Let l be d(f). Suppose 4*q = -5*k + 105, -3*k + 5*q + 150 = l*k. What are the prime factors of k?
5
Suppose -16*b - 40609 + 147777 = 0. List the prime factors of b.
2, 17, 197
Let l(b) = 17*b**3 - 2*b**2 - 6*b - 3. What are the prime factors of l(4)?
3, 7
Let j(t) = -t**3 - 16*t**2 - 12*t + 8. Let u be j(-15). Let s(l) = -5*l + 471. List the prime factors of s(u).
2, 41
Suppose -f + 7*s = 2*s - 11, -4*f + 5*s + 29 = 0. List the prime factors of (2 - f) + 95 + -3.
2, 11
Let t be 152/15 + 18/(-135). Let l be t/12*2 - (-2)/(-3). What are the prime factors of ((-3)/(-9) - l)*(0 - 3)?
2
Let m = 9948 - 3597. Suppose m = -142*z + 145*z. What are the prime factors of z?
29, 73
Suppose -71*w + 34*w = -52*w + 97515. What are the prime factors of w?
3, 11, 197
Suppose -4 + 19 = -5*u, 5*t = -u + 16122. Let p = t - 1973. List the prime factors of p.
2, 313
Suppose 8882 = 3*h + 2*w, 45*h = 43*h + 3*w + 5930. List the prime factors of h.
2, 1481
Let t be (216/20 + -12)*40/(-3). Suppose -u - 1046 = -8*n + 6*n, 0 = 4*u + t. What are the prime factors of n?
521
Suppose 2*v - 2*j - 63238 = 0, 2*v + 97*j - 63280 = 93*j. List the prime factors of v.
2, 3, 7, 251
Let y = -93 + 83. Let m(c) = -c**2 - 5*c + 10. Let h be m(y). List the prime factors of (12*(-3)/10)/(8/h).
2, 3
Let x(f) = 13*f**2 - 67*f - 12. List the prime factors of x(25).
2, 3, 29, 37
Suppose 4*s - 160 = 2*s. Suppose -h - 28 = -b - 8, -s = -4*b - 4*h. Let m = 27 + b. What are the prime factors of m?
47
Suppose -383*w - 194134 = -2968035 - 8763974. List the prime factors of w.
5, 241
Let p(o) = -18*o + 6. Let x be (-4)/3*(-3)/2. Let f be 1 - x - 3 - -1. What are the prime factors of p(f)?
2, 3, 5
Let r(k) = -k + 32. Let f be r(6). Let w = f + 302. List the prime factors of w.
2, 41
Let v be -4*(-1 - -2) - -97. Let x be (-1198)/6 - (-62)/v. Let k = 389 + x. List the prime factors of k.
2, 5, 19
Let c(m) = 2231*m + 636. What are the prime factors of c(3)?
3, 7, 349
Suppose 5*j = -g - 344, -5*g - 2*j - 1286 = -g. Let y = 426 - g. What are the prime factors of y?
5, 149
Suppose 0 = 3*x - 7*x + 56. Let p = 9 - x. What are the prime factors of p/(25/(-12))*(-1 + 96)?
2, 3, 19
Suppose 22*a = 27*a + 4*h - 58804, 0 = -4*a - 5*h + 47045. List the prime factors of a.
2, 3, 5, 7
Let a(v) = -v**3 - 15*v**2 - 26*v - 4. Let b be a(-13). Let p be b + 3 + -8 - 5. List the prime factors of (-4)/p - (-10075)/91.
3, 37
Let m be 15*((-10)/3)/(-5). Suppose -u = m*u - 55. Suppose 968 = 4*h + 3*l + l, 4*h + u*l - 969 = 0. What are the prime factors of h?
241
Let d(b) = 3*b**2 - 101 + 36*b + 2*b**2 - 4*b**2 - 2*b**2. List the prime factors of d(27).
2, 71
Let g(b) = 3*b + 24. Let m be g(31). Suppose 1664 = -113*n + m*n. What are the prime factors of n?
2, 13
Suppose 4*v - 4254 = 7690. Suppose -23533 = -27*g - v. List the prime factors of g.
761
Suppose -3*h + 5 + 31 = 0. Suppose -4*k + k + 258 = 0. Let n = k - h. List the prime factors of n.
2, 37
Let m = 385 + 65. Let z = 784 - m. List the prime factors of z.
2, 167
Suppose 0 = -6*h + 12537 + 9507. Suppose -2*x - 2*x = -3*y + 2753, -4*y + 2*x + h = 0. What are the prime factors of y?
919
Let x(b) be the second derivative of -17*b**3 - 73*b**2/2 - b - 11. What are the prime factors of x(-6)?
7, 11
List the prime factors of (-9)/(-15) - (-2718133)/545.
2, 29, 43
Suppose 0 = -102*a + 5044087 + 3237497. What are the prime factors of a?
2, 3, 17, 199
Let h = 13304 + -4697. What are the prime factors of h?
3, 19, 151
Let u = 24141 + -16114. What are the prime factors of u?
23, 349
Suppose 97*m + 140048 = 113*m. What are the prime factors of m?
8753
Suppose 0 = r + m - 2, 5*r - 17 = 2*m. Suppose 2280 = 5*g - 3*q + 325, 2*g - 773 = r*q. List the prime factors of g.
2, 197
Let i(l) = -4*l**2 - 10*l + 2. Let s be i(-3). Let q be -3 - -156 - (s - (-5 - 0)). Suppose q = 3*k - 31. List the prime factors of k.
61
Let w(j) = 65*j**2 - 9*j - 14. List the prime factors of w(-2).
2, 3, 11
List the prime factors of (-82300)/(-18) + (-678)/3051.
2, 3, 127
Let q(y) = 23495*y**3 + 15*y**2 - 16*y. What are the prime factors of q(1)?
2, 17, 691
Let v(w) = w**3 + 16*w**2 + 5*w + 2*w - 5 + 17. Let t be v(-16). List the prime factors of (-1 - t) + -1 + 0/(-2).
2, 7
Let g be 11 + (-28)/(2 + 2). Let f(l) = -23*l + 138. What are the prime factors of f(g)?
2, 23
Suppose -p = 103*u - 99*u - 4127, -3 = -p. List the prime factors of u.
1031
Let z = -56 - -52. List the prime factors of (1137/(-15))/(z/4)*5.
379
Suppose -3*a = -5*h + 92, 5*a + 100 = -4*h + 9*h. Let i(r) = -7*r**2 - 76*r + 78*r - 9 + r**3 + h*r**2. What are the prime factors of i(-6)?
3, 29
Let t(s) = 5777*s + 1103. List the prime factors of t(5).
2, 3, 7, 17
Suppose -o - 10 = -14. Suppose 3 + 13 = o*s. Suppose 5 = -s*b + 13. List the prime factors of b.
2
Let b(z) = -z**2 + 5*z + 8. Let f be b(6). Let c(d) = 328*d + f - 322*d + 8*d**2 - 9. List the prime factors of c(-5).
163
Let q = 195 - -193. Suppose 0 = -t + q + 829. What are the prime factors of t?
1217
Let k = -171 + 177. Let a = k + 212. What are the prime factors of a?
2, 109
Let x be (-8018)/(-6) + ((-44)/(-12) - 4). Suppose x = 4*d - 3*r - r, 4*r - 1037 = -3*d. Suppose -4*w = -d - 401. List the prime factors of w.
5, 37
Suppose 4*s = 3*p - 28461, 0 = 98*p - 100*p + 4*s + 18986. What are the prime factors of p?
5, 379
Suppose -5*w - 3*x = -80026, 1052*w - 1049*w - 48004 = 4*x. What are the prime factors of w?
2, 4001
List the prime factors of (-72)/126 - (-169910)/35.
2, 3, 809
Let j be (-8)/6*(-117)/26. Suppose q = 4*t + 6, -2*q + j*q + t = 58. List the prime factors of q.
2, 7
Suppose -31*t = -98*t + 197985. List the prime factors of t.
3, 5, 197
Let g(l) = 97*l**2 - 46*l + 1431. What are the prime factors of g(21)?
2, 3, 7207
Let w(a) = 7600*a - 152. Let h(b) = 149*b - 3. Let p(c) = -152*h(c) + 3*w(c). Let i = 220 + -219. List the prime factors of p(i).
2, 19
Let s = -213 - -221. Suppose -14*i + s*i = -1140. List the prime factors of i.
2, 5, 19
Suppose 2185 = -13*u - 6*u. Let s = -96 - u. List the prime factors of s.
19
Suppose -4*h = -5*f - h + 59, -5*h = -f + 25. Let a be -95*3/2*(f - 12). Let t = -183 + a. What are the prime factors of t?
2, 3, 17
Suppose -7252 = 